2, 3, 13049
What are the prime factors of 1866?
2, 3, 311
What are the prime factors of 14422?
2, 7211
What are the prime factors of 66403?
66403
List the prime factors of 58838.
2, 13, 31, 73
List the prime factors of 9271.
73, 127
List the prime factors of 2298.
2, 3, 383
List the prime factors of 9302.
2, 4651
List the prime factors of 4707.
3, 523
What are the prime factors of 97867?
7, 11, 31, 41
What are the prime factors of 54255?
3, 5, 3617
List the prime factors of 1529.
11, 139
What are the prime factors of 33316?
2, 8329
List the prime factors of 3529.
3529
What are the prime factors of 654?
2, 3, 109
What are the prime factors of 3978?
2, 3, 13, 17
List the prime factors of 50436.
2, 3, 467
List the prime factors of 788.
2, 197
What are the prime factors of 4557?
3, 7, 31
What are the prime factors of 1680?
2, 3, 5, 7
List the prime factors of 77078.
2, 17, 2267
What are the prime factors of 1343?
17, 79
What are the prime factors of 193?
193
What are the prime factors of 11719?
11719
What are the prime factors of 43423?
173, 251
List the prime factors of 10769.
11, 89
List the prime factors of 23597.
7, 3371
What are the prime factors of 2321?
11, 211
List the prime factors of 3921.
3, 1307
List the prime factors of 5097.
3, 1699
List the prime factors of 24827.
11, 37, 61
What are the prime factors of 32572?
2, 17, 479
List the prime factors of 715.
5, 11, 13
List the prime factors of 11162.
2, 5581
List the prime factors of 873.
3, 97
List the prime factors of 154548.
2, 3, 53
List the prime factors of 4302.
2, 3, 239
What are the prime factors of 1341?
3, 149
List the prime factors of 2623.
43, 61
List the prime factors of 17243.
43, 401
What are the prime factors of 1139?
17, 67
What are the prime factors of 247?
13, 19
What are the prime factors of 796?
2, 199
What are the prime factors of 2097?
3, 233
List the prime factors of 5271.
3, 7, 251
List the prime factors of 2955.
3, 5, 197
List the prime factors of 44.
2, 11
List the prime factors of 20622.
2, 3, 7, 491
List the prime factors of 26464.
2, 827
What are the prime factors of 4083?
3, 1361
What are the prime factors of 12870?
2, 3, 5, 11, 13
What are the prime factors of 2461?
23, 107
List the prime factors of 6949.
6949
List the prime factors of 42508.
2, 10627
List the prime factors of 1465.
5, 293
List the prime factors of 13889.
17, 19, 43
What are the prime factors of 36936?
2, 3, 19
List the prime factors of 32593.
11, 2963
What are the prime factors of 17981?
17981
List the prime factors of 33159.
3, 7, 1579
What are the prime factors of 29464?
2, 29, 127
List the prime factors of 3773.
7, 11
List the prime factors of 120002.
2, 29, 2069
List the prime factors of 349.
349
What are the prime factors of 493?
17, 29
List the prime factors of 1205.
5, 241
List the prime factors of 48111.
3, 7, 29, 79
What are the prime factors of 1140?
2, 3, 5, 19
What are the prime factors of 11339?
17, 23, 29
List the prime factors of 1065.
3, 5, 71
What are the prime factors of 2901?
3, 967
What are the prime factors of 71326?
2, 19, 1877
What are the prime factors of 874?
2, 19, 23
What are the prime factors of 18466?
2, 7, 1319
List the prime factors of 25494.
2, 3, 7, 607
What are the prime factors of 15934?
2, 31, 257
List the prime factors of 1190.
2, 5, 7, 17
List the prime factors of 66466.
2, 167, 199
What are the prime factors of 770?
2, 5, 7, 11
List the prime factors of 1792.
2, 7
What are the prime factors of 1140?
2, 3, 5, 19
List the prime factors of 1046.
2, 523
What are the prime factors of 602?
2, 7, 43
What are the prime factors of 22045?
5, 4409
List the prime factors of 780.
2, 3, 5, 13
What are the prime factors of 111230?
2, 5, 7, 227
What are the prime factors of 25535?
5, 5107
What are the prime factors of 567?
3, 7
List the prime factors of 1892.
2, 11, 43
List the prime factors of 7294.
2, 7, 521
What are the prime factors of 1823?
1823
List the prime factors of 1966.
2, 983
What are the prime factors of 777?
3, 7, 37
What are the prime factors of 815?
5, 163
List the prime factors of 10546.
2, 5273
What are the prime factors of 38103?
3, 13, 977
What are the prime factors of 4396?
2, 7, 157
What are the prime factors of 19034?
2, 31, 307
List the prime factors of 6625.
5, 53
List the prime factors of 1551.
3, 11, 47
What are the prime factors of 10865?
5, 41, 53
List the prime factors of 407.
11, 37
What are the prime factors of 95598?
2, 3, 47, 113
List the prime factors of 4495.
5, 29, 31
List the prime factors of 452.
2, 113
List the prime factors of 738.
2, 3, 41
What are the prime factors of 2715?
3, 5, 181
What are the prime factors of 100105?
5, 20021
List the prime factors of 36894.
2, 3, 11, 13, 43
List the prime factors of 143.
11, 13
What are the prime factors of 1424?
2, 89
What are the prime factors of 346?
2, 173
List the prime factors of 25032.
2, 3, 7, 149
List the prime factors of 528.
2, 3, 11
List the prime factors of 73287.
3, 17, 479
List the prime factors of 1858.
2, 929
What are the prime factors of 43178?
2, 21589
What are the prime factors of 14133?
3, 7, 673
What are the prime factors of 52269?
3, 7, 19, 131
List the prime factors of 3082.
2, 23, 67
List the prime factors of 156071.
156071
What are the prime factors of 22578?
2, 3, 53, 71
What are the prime factors of 2914?
2, 31, 47
What are the prime factors of 8515?
5, 13, 131
What are the prime factors of 34227?
3, 3803
What are the prime factors of 4406?
2, 2203
List the prime factors of 18933.
3, 6311
List the prime factors of 876.
2, 3, 73
List the prime factors of 3384.
2, 3, 47
List the prime factors of 864.
2, 3
List the prime factors of 704.
2, 11
What are the prime factors of 814?
2, 11, 37
List the prime factors of 36792.
2, 3, 7, 73
List the prime factors of 924.
2, 3, 7, 11
What are the prime factors of 1618?
2, 809
What are the prime factors of 3680?
2, 5, 23
List the prime factors of 11499.
3, 3833
What are the prime factors of 1535?
5, 307
List the prime factors of 233.
233
List the prime factors of 13392.
2, 3, 31
List the prime factors of 35113.
13, 37, 73
List the prime factors of 10315.
5, 2063
List the prime factors of 3384.
2, 3, 47
List the prime factors of 51937.
167, 311
List the prime factors of 93525.
3, 5, 29, 43
What are the prime factors of 4468?
2, 1117
List the prime factors of 8009.
8009
What are the prime factors of 963?
3, 107
What are the prime factors of 5738?
2, 19, 151
List the prime factors of 1141.
7, 163
List the prime factors of 122823.
3, 4549
What are the prime factors of 4081?
7, 11, 53
List the prime factors of 4079.
4079
What are the prime factors of 584?
2, 73
List the prime factors of 137152.
2, 2143
What are the prime factors of 28519?
19, 79
What are the prime factors of 26136?
2, 3, 11
What are the prime factors of 36008?
2, 7, 643
What are the prime factors of 8093?
8093
List the prime factors of 29297.
29297
What are the prime factors of 2128?
2, 7, 19
What are the prime factors of 5693?
5693
List the prime factors of 1379.
7, 197
List the prime factors of 14002.
2, 7001
What are the prime factors of 49025?
5, 37, 53
What are the prime factors of 1779?
3, 593
What are the prime factors of 2234?
2, 1117
List the prime factors of 58629.
3, 19543
What are the prime factors of 1194?
2, 3, 199
List the prime factors of 225.
3, 5
List the prime factors of 27119.
47, 577
List the prime factors of 1194.
2, 3, 199
What are the prime factors of 12609?
3, 467
What are the prime factors of 1704?
2, 3, 71
What are the prime factors of 4944?
2, 3, 103
List the prime factors of 3736.
2, 467
List the prime factors of 1623.
3, 541
What are the prime factors of 5303?
5303
What are the prime factors of 60486?
2, 3, 17, 593
What are the prime factors of 4028?
2, 19, 53
What are the prime factors of 3372?
2, 3, 281
List the prime factors of 387.
3, 43
List the prime factors of 753.
3, 251
List the prime factors of 67.
67
List the prime factors of 30765.
3, 5, 7, 293
What are the prime factors of 5275?
5, 211
What are the prime factors of 7177?
7177
What are the prime factors of 6322?
2, 29, 109
What are the prime factors of 56754?
2, 3, 1051
List the prime factors of 43245.
3, 5, 31
List the prime factors of 15859.
15859
What are the pr